{"id":105,"date":"2021-12-17T10:05:20","date_gmt":"2021-12-17T10:05:20","guid":{"rendered":"http:\/\/adz.interno-ad.es\/?page_id=105"},"modified":"2025-03-10T14:02:47","modified_gmt":"2025-03-10T13:02:47","slug":"informacion-economica-financiera","status":"publish","type":"page","link":"https:\/\/adz.adolfodominguez.com\/index.php\/informacion-economica-financiera\/","title":{"rendered":"Informaci\u00f3n Financiera"},"content":{"rendered":"\n<div style=\"height:50px\" aria-hidden=\"true\" class=\"wp-block-spacer\"><\/div>\n\n\n\n<hr class=\"wp-block-separator has-alpha-channel-opacity\"\/>\n\n\n\n<p><\/p>\n\n\n\n<div class=\"wp-block-media-text has-media-on-the-right is-stacked-on-mobile\"><div class=\"wp-block-media-text__content\">\n<p>Seleccione la informaci\u00f3n en los apartados que se muestran en el men\u00fa.<\/p>\n<\/div><figure class=\"wp-block-media-text__media\"><img loading=\"lazy\" decoding=\"async\" width=\"1024\" height=\"576\" src=\"https:\/\/adz.adolfodominguez.com\/wp-content\/uploads\/2022\/03\/2022_03_07_FONDO_WEB_ACCIONISTAS_2-1024x576.jpg\" alt=\"\" class=\"wp-image-734 size-full\" srcset=\"https:\/\/adz.adolfodominguez.com\/wp-content\/uploads\/2022\/03\/2022_03_07_FONDO_WEB_ACCIONISTAS_2-1024x576.jpg 1024w, https:\/\/adz.adolfodominguez.com\/wp-content\/uploads\/2022\/03\/2022_03_07_FONDO_WEB_ACCIONISTAS_2-300x169.jpg 300w, https:\/\/adz.adolfodominguez.com\/wp-content\/uploads\/2022\/03\/2022_03_07_FONDO_WEB_ACCIONISTAS_2-768x432.jpg 768w, https:\/\/adz.adolfodominguez.com\/wp-content\/uploads\/2022\/03\/2022_03_07_FONDO_WEB_ACCIONISTAS_2-1536x864.jpg 1536w, https:\/\/adz.adolfodominguez.com\/wp-content\/uploads\/2022\/03\/2022_03_07_FONDO_WEB_ACCIONISTAS_2-1140x641.jpg 1140w, https:\/\/adz.adolfodominguez.com\/wp-content\/uploads\/2022\/03\/2022_03_07_FONDO_WEB_ACCIONISTAS_2.jpg 1920w\" sizes=\"auto, (max-width: 1024px) 100vw, 1024px\" \/><\/figure><\/div>\n\n\n\n<hr class=\"wp-block-separator has-alpha-channel-opacity\"\/>\n\n\n\n<div style=\"height:50px\" aria-hidden=\"true\" class=\"wp-block-spacer\"><\/div>\n\n\n\n<p class=\"has-text-align-center\"><a href=\"https:\/\/adz.adolfodominguez.com\/index.php\/informacion-publica-periodicaipp\/\">Informaci\u00f3n P\u00fablica Peri\u00f3dica(IPP)<\/a><\/p>\n\n\n\n<p class=\"has-text-align-center\"><a href=\"https:\/\/adz.adolfodominguez.com\/index.php\/informe-de-auditoria-cuentas-anuales-auditadas-informe-de-gestion-y-memoria-anual\/\">Informes de auditor\u00eda, cuentas anuales auditadas, informe de gesti\u00f3n y Memoria anual<\/a><\/p>\n\n\n\n<p class=\"has-text-align-center\"><a href=\"https:\/\/adz.adolfodominguez.com\/index.php\/informacion-publica-a-otros-organismos-reguladores\/\">Informaci\u00f3n p\u00fablica a otros organismos reguladores<\/a><\/p>\n\n\n\n<p class=\"has-text-align-center\"><a href=\"https:\/\/adz.adolfodominguez.com\/index.php\/rating\/\">Rating<\/a><\/p>\n\n\n\n<p class=\"has-text-align-center\"><a href=\"https:\/\/adz.adolfodominguez.com\/index.php\/periodo-medio-de-pago-a-proveedores\/\">Periodo medio de pago a proveedores<\/a><\/p>\n","protected":false},"excerpt":{"rendered":"<p>Seleccione la informaci\u00f3n en los apartados que se muestran en el men\u00fa. Informaci\u00f3n P\u00fablica Peri\u00f3dica(IPP) Informes de auditor\u00eda, cuentas anuales auditadas, informe de gesti\u00f3n y Memoria anual Informaci\u00f3n p\u00fablica a otros organismos reguladores Rating Periodo medio de pago a proveedores<\/p>\n","protected":false},"author":1,"featured_media":0,"parent":0,"menu_order":0,"comment_status":"closed","ping_status":"closed","template":"","meta":{"footnotes":""},"class_list":["post-105","page","type-page","status-publish","hentry"],"_links":{"self":[{"href":"https:\/\/adz.adolfodominguez.com\/index.php\/wp-json\/wp\/v2\/pages\/105","targetHints":{"allow":["GET"]}}],"collection":[{"href":"https:\/\/adz.adolfodominguez.com\/index.php\/wp-json\/wp\/v2\/pages"}],"about":[{"href":"https:\/\/adz.adolfodominguez.com\/index.php\/wp-json\/wp\/v2\/types\/page"}],"author":[{"embeddable":true,"href":"https:\/\/adz.adolfodominguez.com\/index.php\/wp-json\/wp\/v2\/users\/1"}],"replies":[{"embeddable":true,"href":"https:\/\/adz.adolfodominguez.com\/index.php\/wp-json\/wp\/v2\/comments?post=105"}],"version-history":[{"count":5,"href":"https:\/\/adz.adolfodominguez.com\/index.php\/wp-json\/wp\/v2\/pages\/105\/revisions"}],"predecessor-version":[{"id":1476,"href":"https:\/\/adz.adolfodominguez.com\/index.php\/wp-json\/wp\/v2\/pages\/105\/revisions\/1476"}],"wp:attachment":[{"href":"https:\/\/adz.adolfodominguez.com\/index.php\/wp-json\/wp\/v2\/media?parent=105"}],"curies":[{"name":"wp","href":"https:\/\/api.w.org\/{rel}","templated":true}]}}