{"id":1138,"date":"2023-11-08T09:32:05","date_gmt":"2023-11-08T08:32:05","guid":{"rendered":"https:\/\/adz.adolfodominguez.com\/?page_id=1138"},"modified":"2024-05-03T10:50:20","modified_gmt":"2024-05-03T09:50:20","slug":"ejercicio-2023-ipp","status":"publish","type":"page","link":"https:\/\/adz.adolfodominguez.com\/index.php\/ejercicio-2023-ipp\/","title":{"rendered":"Ejercicio 2023 (IPP)"},"content":{"rendered":"\n<p><\/p>\n\n\n\n<p><strong>Informaci\u00f3n Financiera intermedia<\/strong><br>La sociedad remite informaci\u00f3n sobre los resultados del primer trimestre de 2023 <br>(Comunicaci\u00f3n a CNMV del 13 de julio de 2023. N\u00famero de registro 23.566)<\/p>\n\n\n\n<div class=\"wp-block-file\"><a id=\"wp-block-file--media-fe794181-9d54-48c5-acb3-c7dda6efce33\" href=\"https:\/\/adz.adolfodominguez.com\/wp-content\/uploads\/2023\/11\/1t-2023.pdf\">Primer Trimestre 2023<\/a><a href=\"https:\/\/adz.adolfodominguez.com\/wp-content\/uploads\/2023\/11\/1t-2023.pdf\" class=\"wp-block-file__button wp-element-button\" download aria-describedby=\"wp-block-file--media-fe794181-9d54-48c5-acb3-c7dda6efce33\">Descarga<\/a><\/div>\n\n\n\n<p><strong>Informaci\u00f3n Financiera intermedia<\/strong><br>La sociedad remite informaci\u00f3n sobre los resultados del primer semestre de 2023<br>(Comunicaci\u00f3n a CNMV del 9 de noviembre de 2023. N\u00famero de registro 25.300)<\/p>\n\n\n\n<div class=\"wp-block-file\"><a id=\"wp-block-file--media-7d83030c-c69d-4ec6-b07d-a5f7efa47bf4\" href=\"https:\/\/adz.adolfodominguez.com\/wp-content\/uploads\/2023\/11\/1s-2023.pdf\">Primer Semestre 2023<\/a><a href=\"https:\/\/adz.adolfodominguez.com\/wp-content\/uploads\/2023\/11\/1s-2023.pdf\" class=\"wp-block-file__button wp-element-button\" download aria-describedby=\"wp-block-file--media-7d83030c-c69d-4ec6-b07d-a5f7efa47bf4\">Descarga<\/a><\/div>\n\n\n\n<p><strong>Informaci\u00f3n Financiera intermedia<\/strong><br>La sociedad remite informaci\u00f3n sobre los resultados del tercer trimestre de 2023<br>(Comunicaci\u00f3n a CNMV del 18 de enero de 2024. N\u00famero de registro 26.210)<\/p>\n\n\n\n<div class=\"wp-block-file\"><a id=\"wp-block-file--media-8cb1a169-1d8a-4050-9540-50542450a753\" href=\"https:\/\/adz.adolfodominguez.com\/wp-content\/uploads\/2024\/01\/Presentacion-resultados-3T-Adolfo-Dominguez.pdf\">Tercer Trimestre 2023<\/a><a href=\"https:\/\/adz.adolfodominguez.com\/wp-content\/uploads\/2024\/01\/Presentacion-resultados-3T-Adolfo-Dominguez.pdf\" class=\"wp-block-file__button wp-element-button\" download aria-describedby=\"wp-block-file--media-8cb1a169-1d8a-4050-9540-50542450a753\">Descarga<\/a><\/div>\n\n\n\n<p><strong>Informaci\u00f3n Financiera intermedia<\/strong><br>La sociedad remite informaci\u00f3n sobre los resultados del segundo semestre de 2023<br>(Comunicaci\u00f3n a CNMV del 26 de abril de 2024. N\u00famero de registro 28.259)<\/p>\n\n\n\n<p><a href=\"https:\/\/cnmv.es\/portal\/aldia\/detalleifialdia.aspx?nReg=2024055729\">Link CNMV<\/a><\/p>\n","protected":false},"excerpt":{"rendered":"<p>Informaci\u00f3n Financiera intermediaLa sociedad remite informaci\u00f3n sobre los resultados del primer trimestre de 2023 (Comunicaci\u00f3n a CNMV del 13 de julio de 2023. N\u00famero de registro 23.566) Informaci\u00f3n Financiera intermediaLa sociedad remite informaci\u00f3n sobre los resultados del primer semestre de 2023(Comunicaci\u00f3n a CNMV del 9 de noviembre de 2023. N\u00famero de registro 25.300) Informaci\u00f3n Financiera intermediaLa sociedad remite informaci\u00f3n sobre los resultados del tercer trimestre de 2023(Comunicaci\u00f3n a CNMV del 18 de enero de 2024. N\u00famero de registro 26.210) Informaci\u00f3n Financiera intermediaLa sociedad remite informaci\u00f3n sobre los resultados del segundo semestre de 2023(Comunicaci\u00f3n a CNMV del 26 de abril de 2024. N\u00famero de registro 28.259) Link CNMV<\/p>\n","protected":false},"author":1,"featured_media":0,"parent":0,"menu_order":0,"comment_status":"closed","ping_status":"closed","template":"","meta":{"footnotes":""},"class_list":["post-1138","page","type-page","status-publish","hentry"],"_links":{"self":[{"href":"https:\/\/adz.adolfodominguez.com\/index.php\/wp-json\/wp\/v2\/pages\/1138","targetHints":{"allow":["GET"]}}],"collection":[{"href":"https:\/\/adz.adolfodominguez.com\/index.php\/wp-json\/wp\/v2\/pages"}],"about":[{"href":"https:\/\/adz.adolfodominguez.com\/index.php\/wp-json\/wp\/v2\/types\/page"}],"author":[{"embeddable":true,"href":"https:\/\/adz.adolfodominguez.com\/index.php\/wp-json\/wp\/v2\/users\/1"}],"replies":[{"embeddable":true,"href":"https:\/\/adz.adolfodominguez.com\/index.php\/wp-json\/wp\/v2\/comments?post=1138"}],"version-history":[{"count":8,"href":"https:\/\/adz.adolfodominguez.com\/index.php\/wp-json\/wp\/v2\/pages\/1138\/revisions"}],"predecessor-version":[{"id":1453,"href":"https:\/\/adz.adolfodominguez.com\/index.php\/wp-json\/wp\/v2\/pages\/1138\/revisions\/1453"}],"wp:attachment":[{"href":"https:\/\/adz.adolfodominguez.com\/index.php\/wp-json\/wp\/v2\/media?parent=1138"}],"curies":[{"name":"wp","href":"https:\/\/api.w.org\/{rel}","templated":true}]}}