{"id":137,"date":"2021-12-17T11:11:23","date_gmt":"2021-12-17T11:11:23","guid":{"rendered":"http:\/\/adz.interno-ad.es\/?page_id=137"},"modified":"2022-09-15T09:46:54","modified_gmt":"2022-09-15T07:46:54","slug":"ejercicio-2021-ipp","status":"publish","type":"page","link":"https:\/\/adz.adolfodominguez.com\/index.php\/ejercicio-2021-ipp\/","title":{"rendered":"Ejercicio 2021 (IPP)"},"content":{"rendered":"\n<p><\/p>\n\n\n\n<p><strong>Informaci\u00f3n financiera intermedia<br><\/strong>La sociedad remite informaci\u00f3n sobre los resultados del&nbsp;primer&nbsp;trimestre de 2021<br>(Comunicaci\u00f3n a CNMV del&nbsp;27 de julio de 2021. N\u00famero de registro&nbsp;10.839)&nbsp;&nbsp;&nbsp;<\/p>\n\n\n\n<div class=\"wp-block-file\"><a id=\"wp-block-file--media-628a70de-2aca-45e5-b517-8f0a8d34fed3\" href=\"https:\/\/adz.adolfodominguez.com\/wp-content\/uploads\/2022\/02\/Resultados-primer-trimestre-2020-2021.pdf\">Primer Trimestre 2021<\/a><a href=\"https:\/\/adz.adolfodominguez.com\/wp-content\/uploads\/2022\/02\/Resultados-primer-trimestre-2020-2021.pdf\" class=\"wp-block-file__button\" download aria-describedby=\"wp-block-file--media-628a70de-2aca-45e5-b517-8f0a8d34fed3\">Descarga<\/a><\/div>\n\n\n\n<p><strong>Informaci\u00f3n financiera intermedia<\/strong><br>La sociedad remite informaci\u00f3n sobre los resultados del primer semestre de 2021<br>(Comunicaci\u00f3n a CNMV del 1 de diciembre de 2021. N\u00famero de registro 12.996)<\/p>\n\n\n\n<div class=\"wp-block-file\"><a id=\"wp-block-file--media-1851d2c9-a963-4ead-99e1-1bd684bc800c\" href=\"https:\/\/adz.adolfodominguez.com\/wp-content\/uploads\/2022\/01\/Ejercicio-2021-IPP.pdf\">Primer Semestre 2021<\/a><a href=\"https:\/\/adz.adolfodominguez.com\/wp-content\/uploads\/2022\/01\/Ejercicio-2021-IPP.pdf\" class=\"wp-block-file__button\" download=\"\" aria-describedby=\"wp-block-file--media-1851d2c9-a963-4ead-99e1-1bd684bc800c\">Descarga<\/a><\/div>\n\n\n\n<p><strong>Informaci\u00f3n financiera intermedia<br><\/strong>La sociedad remite informaci\u00f3n sobre los resultados del&nbsp;tercer&nbsp;trimestre de 2021<br>(Comunicaci\u00f3n a CNMV del&nbsp;21 de enero de 2022. N\u00famero de registro&nbsp;13.692)<\/p>\n\n\n\n<div class=\"wp-block-file\"><a id=\"wp-block-file--media-cc378f3e-8088-4df4-9b51-9f2ea4e7d008\" href=\"https:\/\/adz.adolfodominguez.com\/wp-content\/uploads\/2022\/02\/Resultados-tercer-trimestre-2021-2022.pdf\">Tercer Trimestre 2021<\/a><a href=\"https:\/\/adz.adolfodominguez.com\/wp-content\/uploads\/2022\/02\/Resultados-tercer-trimestre-2021-2022.pdf\" class=\"wp-block-file__button\" download aria-describedby=\"wp-block-file--media-cc378f3e-8088-4df4-9b51-9f2ea4e7d008\">Descarga<\/a><\/div>\n\n\n\n<p><strong>Informaci\u00f3n financiera intermedia<br><\/strong>La sociedad remite informaci\u00f3n sobre los resultados del\u00a0segundo semestre de 2021<br>(Comunicaci\u00f3n a CNMV del\u00a027 de abril de 2022. N\u00famero de registro\u00a04630676)<\/p>\n\n\n\n<div class=\"wp-block-file\"><a id=\"wp-block-file--media-ef91e373-5e77-4133-bdd1-298cfdd22fc5\" href=\"https:\/\/adz.adolfodominguez.com\/wp-content\/uploads\/2022\/09\/Presentacion-resultados-AD-27.04.222021.22.pdf\">Segundo Semestre 2021<\/a><a href=\"https:\/\/adz.adolfodominguez.com\/wp-content\/uploads\/2022\/09\/Presentacion-resultados-AD-27.04.222021.22.pdf\" class=\"wp-block-file__button\" download aria-describedby=\"wp-block-file--media-ef91e373-5e77-4133-bdd1-298cfdd22fc5\">Descarga<\/a><\/div>\n","protected":false},"excerpt":{"rendered":"<p>Informaci\u00f3n financiera intermediaLa sociedad remite informaci\u00f3n sobre los resultados del&nbsp;primer&nbsp;trimestre de 2021(Comunicaci\u00f3n a CNMV del&nbsp;27 de julio de 2021. N\u00famero de registro&nbsp;10.839)&nbsp;&nbsp;&nbsp; Informaci\u00f3n financiera intermediaLa sociedad remite informaci\u00f3n sobre los resultados del primer semestre de 2021(Comunicaci\u00f3n a CNMV del 1 de diciembre de 2021. N\u00famero de registro 12.996) Primer Semestre 2021Descarga Informaci\u00f3n financiera intermediaLa sociedad remite informaci\u00f3n sobre los resultados del&nbsp;tercer&nbsp;trimestre de 2021(Comunicaci\u00f3n a CNMV del&nbsp;21 de enero de 2022. N\u00famero de registro&nbsp;13.692) Informaci\u00f3n financiera intermediaLa sociedad remite informaci\u00f3n sobre los resultados del\u00a0segundo semestre de 2021(Comunicaci\u00f3n a CNMV del\u00a027 de abril de 2022. N\u00famero de registro\u00a04630676)<\/p>\n","protected":false},"author":1,"featured_media":0,"parent":0,"menu_order":0,"comment_status":"closed","ping_status":"closed","template":"","meta":{"footnotes":""},"class_list":["post-137","page","type-page","status-publish","hentry"],"_links":{"self":[{"href":"https:\/\/adz.adolfodominguez.com\/index.php\/wp-json\/wp\/v2\/pages\/137","targetHints":{"allow":["GET"]}}],"collection":[{"href":"https:\/\/adz.adolfodominguez.com\/index.php\/wp-json\/wp\/v2\/pages"}],"about":[{"href":"https:\/\/adz.adolfodominguez.com\/index.php\/wp-json\/wp\/v2\/types\/page"}],"author":[{"embeddable":true,"href":"https:\/\/adz.adolfodominguez.com\/index.php\/wp-json\/wp\/v2\/users\/1"}],"replies":[{"embeddable":true,"href":"https:\/\/adz.adolfodominguez.com\/index.php\/wp-json\/wp\/v2\/comments?post=137"}],"version-history":[{"count":13,"href":"https:\/\/adz.adolfodominguez.com\/index.php\/wp-json\/wp\/v2\/pages\/137\/revisions"}],"predecessor-version":[{"id":938,"href":"https:\/\/adz.adolfodominguez.com\/index.php\/wp-json\/wp\/v2\/pages\/137\/revisions\/938"}],"wp:attachment":[{"href":"https:\/\/adz.adolfodominguez.com\/index.php\/wp-json\/wp\/v2\/media?parent=137"}],"curies":[{"name":"wp","href":"https:\/\/api.w.org\/{rel}","templated":true}]}}