{"id":149,"date":"2021-12-17T11:12:33","date_gmt":"2021-12-17T11:12:33","guid":{"rendered":"http:\/\/adz.interno-ad.es\/?page_id=149"},"modified":"2022-03-11T07:00:22","modified_gmt":"2022-03-11T07:00:22","slug":"ejercicio-2019-ipp","status":"publish","type":"page","link":"https:\/\/adz.adolfodominguez.com\/index.php\/ejercicio-2019-ipp\/","title":{"rendered":"Ejercicio 2019 (IPP)"},"content":{"rendered":"\n<p><strong>Informaci\u00f3n financiera intermedia<\/strong><br>La sociedad remite informaci\u00f3n sobre los resultados del segundo semestre de 2019 &#8211; 2020<br>(Comunicaci\u00f3n CNMV del 19 de junio del 2020 &#8211; N\u00famero de registro: 2893).<\/p>\n\n\n\n<div class=\"wp-block-file\"><a id=\"wp-block-file--media-bd15a096-2e3e-4ec1-8df6-3ef28d43158d\" href=\"http:\/\/adz.interno-ad.es\/wp-content\/uploads\/2022\/01\/200619121059_IPP-Ejercicio-2019.pdf\">Acceso al Documento<\/a><a href=\"http:\/\/adz.interno-ad.es\/wp-content\/uploads\/2022\/01\/200619121059_IPP-Ejercicio-2019.pdf\" class=\"wp-block-file__button\" download aria-describedby=\"wp-block-file--media-bd15a096-2e3e-4ec1-8df6-3ef28d43158d\">Descarga<\/a><\/div>\n\n\n\n<p><strong>Informaci\u00f3n financiera intermedia<\/strong><br>La sociedad remite informaci\u00f3n sobre los resultados del tercer trimestre de 2019 &#8211; 2020<br>(Comunicaci\u00f3n CNMV del 10 de enero &#8211; N\u00famero de registro: 285803).<br><a href=\"https:\/\/adolfodominguezsl-my.sharepoint.com\/:b:\/g\/personal\/sabela_dominguez_adolfodominguez_com\/EYLejpAzTRNBroQdTGlUYMUBO8jm67kDY1ehwC2GHqW8JQ?e=cJuftT\"><strong><u>Acceso al Documento<\/u><\/strong><\/a><\/p>\n\n\n\n<p><strong>Informaci\u00f3n financiera intermedia<\/strong><br>La sociedad remite informaci\u00f3n sobre los resultados del primer semestre de 2019.<br>(Comunicaci\u00f3n CNMV del 25 de octubre &#8211; N\u00famero de registro: 282845)<\/p>\n\n\n\n<p><a href=\"https:\/\/adolfodominguezsl-my.sharepoint.com\/:b:\/g\/personal\/sabela_dominguez_adolfodominguez_com\/EXD8kVJ5zgBJu9499hQMQ00BwJs8c0-UR_UaXtLSOzzL7w?e=z9YKOm\"><strong><u>Acceso al Documento<\/u><\/strong><\/a><\/p>\n\n\n\n<p><strong>Informaci\u00f3n financiera intermedia<\/strong><br>La sociedad remite informaci\u00f3n sobre los resultados del primer trimestre de 2019 &#8211; 2020.<br>(Comunicaci\u00f3n CNMV del 12 de julio &#8211; N\u00famero de registro: 280141).<\/p>\n\n\n\n<div class=\"wp-block-file\"><a id=\"wp-block-file--media-8fd272ca-e2eb-48c7-b5b8-3781e4f2e0e4\" href=\"https:\/\/adz.adolfodominguez.com\/wp-content\/uploads\/2022\/01\/190712104226_informegestionprimertrimestredosmildiecinueve_3.pdf\">Acceso al Documento<\/a><a href=\"https:\/\/adz.adolfodominguez.com\/wp-content\/uploads\/2022\/01\/190712104226_informegestionprimertrimestredosmildiecinueve_3.pdf\" class=\"wp-block-file__button\" download aria-describedby=\"wp-block-file--media-8fd272ca-e2eb-48c7-b5b8-3781e4f2e0e4\">Descarga<\/a><\/div>\n\n\n\n<p><\/p>\n","protected":false},"excerpt":{"rendered":"<p>Informaci\u00f3n financiera intermediaLa sociedad remite informaci\u00f3n sobre los resultados del segundo semestre de 2019 &#8211; 2020(Comunicaci\u00f3n CNMV del 19 de junio del 2020 &#8211; N\u00famero de registro: 2893). Informaci\u00f3n financiera intermediaLa sociedad remite informaci\u00f3n sobre los resultados del tercer trimestre de 2019 &#8211; 2020(Comunicaci\u00f3n CNMV del 10 de enero &#8211; N\u00famero de registro: 285803).Acceso al Documento Informaci\u00f3n financiera intermediaLa sociedad remite informaci\u00f3n sobre los resultados del primer semestre de 2019.(Comunicaci\u00f3n CNMV del 25 de octubre &#8211; N\u00famero de registro: 282845) Acceso al Documento Informaci\u00f3n financiera intermediaLa sociedad remite informaci\u00f3n sobre los resultados del primer trimestre de 2019 &#8211; 2020.(Comunicaci\u00f3n CNMV del 12 de julio &#8211; N\u00famero de registro: 280141).<\/p>\n","protected":false},"author":1,"featured_media":0,"parent":0,"menu_order":0,"comment_status":"closed","ping_status":"closed","template":"","meta":{"footnotes":""},"class_list":["post-149","page","type-page","status-publish","hentry"],"_links":{"self":[{"href":"https:\/\/adz.adolfodominguez.com\/index.php\/wp-json\/wp\/v2\/pages\/149","targetHints":{"allow":["GET"]}}],"collection":[{"href":"https:\/\/adz.adolfodominguez.com\/index.php\/wp-json\/wp\/v2\/pages"}],"about":[{"href":"https:\/\/adz.adolfodominguez.com\/index.php\/wp-json\/wp\/v2\/types\/page"}],"author":[{"embeddable":true,"href":"https:\/\/adz.adolfodominguez.com\/index.php\/wp-json\/wp\/v2\/users\/1"}],"replies":[{"embeddable":true,"href":"https:\/\/adz.adolfodominguez.com\/index.php\/wp-json\/wp\/v2\/comments?post=149"}],"version-history":[{"count":6,"href":"https:\/\/adz.adolfodominguez.com\/index.php\/wp-json\/wp\/v2\/pages\/149\/revisions"}],"predecessor-version":[{"id":754,"href":"https:\/\/adz.adolfodominguez.com\/index.php\/wp-json\/wp\/v2\/pages\/149\/revisions\/754"}],"wp:attachment":[{"href":"https:\/\/adz.adolfodominguez.com\/index.php\/wp-json\/wp\/v2\/media?parent=149"}],"curies":[{"name":"wp","href":"https:\/\/api.w.org\/{rel}","templated":true}]}}