{"id":311,"date":"2022-01-19T15:10:53","date_gmt":"2022-01-19T15:10:53","guid":{"rendered":"http:\/\/adz.interno-ad.es\/?page_id=311"},"modified":"2022-03-11T07:02:34","modified_gmt":"2022-03-11T07:02:34","slug":"ejercicio-2017-ipp","status":"publish","type":"page","link":"https:\/\/adz.adolfodominguez.com\/index.php\/ejercicio-2017-ipp\/","title":{"rendered":"Ejercicio 2017 (IPP)"},"content":{"rendered":"\n<p><strong><a rel=\"noreferrer noopener\" href=\"https:\/\/adz.adolfodominguez.com\/fotos\/180425122237_La%20sociedad%20remite%20informaci%C3%B3n%20sobre%20los%20resultados%20del%20segundo%20semestre%20de%202017%20-%202018\" target=\"_blank\"><\/a>Informaci\u00f3n financiera intermedia<\/strong><br>La sociedad remite informaci\u00f3n sobre los resultados del segundo semestre de 2017 \u2013 2018<br>(Comunicaci\u00f3n a CNMV del 25 de abril de 2018. N\u00famero de registro: 264581)<\/p>\n\n\n\n<p><strong>Informaci\u00f3n financiera intermedia.<\/strong><br>La sociedad remite informaci\u00f3n sobre los resultados del tercer trimestre de 2017 &#8211; 2018.<br>(Comunicaci\u00f3n CNMV del 10 de enero &#8211; N\u00ba Registro 260.532)<\/p>\n\n\n\n<div class=\"wp-block-file\"><a id=\"wp-block-file--media-b33c412f-ee09-4e1f-bef8-ca3bd82dd4e5\" href=\"https:\/\/adz.adolfodominguez.com\/wp-content\/uploads\/2022\/01\/180110100836_HR260532.pdf\">Acceso al Documento<\/a><a href=\"https:\/\/adz.adolfodominguez.com\/wp-content\/uploads\/2022\/01\/180110100836_HR260532.pdf\" class=\"wp-block-file__button\" download aria-describedby=\"wp-block-file--media-b33c412f-ee09-4e1f-bef8-ca3bd82dd4e5\">Descarga<\/a><\/div>\n\n\n\n<p><strong>Informaci\u00f3n financiera intermedia.<\/strong><br>La sociedad remite informaci\u00f3n sobre los resultados del primer semestre de 2017 &#8211; 2018.<br>(Comunicaci\u00f3n CNMV del 27 de octubre &#8211; N\u00ba Registro 257.920)<\/p>\n\n\n\n<div class=\"wp-block-file\"><a id=\"wp-block-file--media-5b054bbe-e402-4195-bf57-2ea2fd31996f\" href=\"https:\/\/adz.adolfodominguez.com\/wp-content\/uploads\/2022\/01\/171027100547_HR257920.pdf\">Acceso al Documento<\/a><a href=\"https:\/\/adz.adolfodominguez.com\/wp-content\/uploads\/2022\/01\/171027100547_HR257920.pdf\" class=\"wp-block-file__button\" download aria-describedby=\"wp-block-file--media-5b054bbe-e402-4195-bf57-2ea2fd31996f\">Descarga<\/a><\/div>\n\n\n\n<p><strong>Informaci\u00f3n financiera intermedia .<br><\/strong>La sociedad remite informaci\u00f3n sobre los resultados del primer trimestre de 2017 &#8211; 2018.<br>(Comunicaci\u00f3n CNMV del 12 de julio &#8211; N\u00ba Registro 254.496)<\/p>\n\n\n\n<div class=\"wp-block-file\"><a id=\"wp-block-file--media-23b262f9-a6e0-4327-94fe-39dc9af06965\" href=\"https:\/\/adz.adolfodominguez.com\/wp-content\/uploads\/2022\/01\/170712192603_HR254496.pdf\">Acceso al Documento<\/a><a href=\"https:\/\/adz.adolfodominguez.com\/wp-content\/uploads\/2022\/01\/170712192603_HR254496.pdf\" class=\"wp-block-file__button\" download aria-describedby=\"wp-block-file--media-23b262f9-a6e0-4327-94fe-39dc9af06965\">Descarga<\/a><\/div>\n","protected":false},"excerpt":{"rendered":"<p>Informaci\u00f3n financiera intermediaLa sociedad remite informaci\u00f3n sobre los resultados del segundo semestre de 2017 \u2013 2018(Comunicaci\u00f3n a CNMV del 25 de abril de 2018. N\u00famero de registro: 264581) Informaci\u00f3n financiera intermedia.La sociedad remite informaci\u00f3n sobre los resultados del tercer trimestre de 2017 &#8211; 2018.(Comunicaci\u00f3n CNMV del 10 de enero &#8211; N\u00ba Registro 260.532) Informaci\u00f3n financiera intermedia.La sociedad remite informaci\u00f3n sobre los resultados del primer semestre de 2017 &#8211; 2018.(Comunicaci\u00f3n CNMV del 27 de octubre &#8211; N\u00ba Registro 257.920) Informaci\u00f3n financiera intermedia .La sociedad remite informaci\u00f3n sobre los resultados del primer trimestre de 2017 &#8211; 2018.(Comunicaci\u00f3n CNMV del 12 de julio &#8211; N\u00ba Registro 254.496)<\/p>\n","protected":false},"author":1,"featured_media":0,"parent":0,"menu_order":0,"comment_status":"closed","ping_status":"closed","template":"","meta":{"footnotes":""},"class_list":["post-311","page","type-page","status-publish","hentry"],"_links":{"self":[{"href":"https:\/\/adz.adolfodominguez.com\/index.php\/wp-json\/wp\/v2\/pages\/311","targetHints":{"allow":["GET"]}}],"collection":[{"href":"https:\/\/adz.adolfodominguez.com\/index.php\/wp-json\/wp\/v2\/pages"}],"about":[{"href":"https:\/\/adz.adolfodominguez.com\/index.php\/wp-json\/wp\/v2\/types\/page"}],"author":[{"embeddable":true,"href":"https:\/\/adz.adolfodominguez.com\/index.php\/wp-json\/wp\/v2\/users\/1"}],"replies":[{"embeddable":true,"href":"https:\/\/adz.adolfodominguez.com\/index.php\/wp-json\/wp\/v2\/comments?post=311"}],"version-history":[{"count":6,"href":"https:\/\/adz.adolfodominguez.com\/index.php\/wp-json\/wp\/v2\/pages\/311\/revisions"}],"predecessor-version":[{"id":760,"href":"https:\/\/adz.adolfodominguez.com\/index.php\/wp-json\/wp\/v2\/pages\/311\/revisions\/760"}],"wp:attachment":[{"href":"https:\/\/adz.adolfodominguez.com\/index.php\/wp-json\/wp\/v2\/media?parent=311"}],"curies":[{"name":"wp","href":"https:\/\/api.w.org\/{rel}","templated":true}]}}