{"id":445,"date":"2022-01-28T08:14:42","date_gmt":"2022-01-28T08:14:42","guid":{"rendered":"http:\/\/adz.interno-ad.es\/?page_id=445"},"modified":"2022-03-18T12:16:18","modified_gmt":"2022-03-18T12:16:18","slug":"propuesta-junta-general-2020","status":"publish","type":"page","link":"https:\/\/adz.adolfodominguez.com\/index.php\/propuesta-junta-general-2020\/","title":{"rendered":"Documentaci\u00f3n Junta General 2020"},"content":{"rendered":"\n<p><\/p>\n\n\n\n<p><strong>01. Propuesta de acuerdo del consejo de administraci\u00f3n a la Junta General<\/strong><\/p>\n\n\n\n<div class=\"wp-block-file\"><a id=\"wp-block-file--media-1f0bdb07-ac63-4906-9abd-ce1c8818959b\" href=\"https:\/\/adz.adolfodominguez.com\/wp-content\/uploads\/2022\/02\/200619120126_2.-Propuestas-de-acuerdo.pdf\">Acceso al Documento<\/a><a href=\"https:\/\/adz.adolfodominguez.com\/wp-content\/uploads\/2022\/02\/200619120126_2.-Propuestas-de-acuerdo.pdf\" class=\"wp-block-file__button\" download aria-describedby=\"wp-block-file--media-1f0bdb07-ac63-4906-9abd-ce1c8818959b\">Descarga<\/a><\/div>\n\n\n\n<p><strong>02. Cuentas anuales de la sociedad individual y cuentas anuales consolidadas<\/strong><br><a href=\"https:\/\/adolfodominguezsl-my.sharepoint.com\/:b:\/g\/personal\/diego_gonzalez_adolfodominguez_com\/EdV3N8MbIRVLlBMw5dfE9-QBE-wM6rGj1E1RXUf14scFAw?e=o3x7JA\"><strong><u>Acceso al Documento<\/u><\/strong><\/a><\/p>\n\n\n\n<p><strong>03. Estado de informaci\u00f3n no financiera correspondiente al Ejercicico finalizado el 29 de febrero 2020<\/strong><br><a href=\"https:\/\/adolfodominguezsl-my.sharepoint.com\/:b:\/g\/personal\/diego_gonzalez_adolfodominguez_com\/ETG4tudEnBVGkI-Zg-Y8WZABFrLuGOj6aK39uNmmT56Hcg?e=3Op9X4\"><strong><u>Acceso al Documento<\/u><\/strong><\/a><\/p>\n\n\n\n<p><strong>04. Informe justificativo del Consejo de Administraci\u00f3n sobre la propuesta de reelecci\u00f3n de consejero<\/strong><\/p>\n\n\n\n<div class=\"wp-block-file\"><a id=\"wp-block-file--media-b542cc3f-e2c8-4598-b5c4-652722fe1f0e\" href=\"https:\/\/adz.adolfodominguez.com\/wp-content\/uploads\/2022\/02\/200623111839_Informe-justificativo-Propuesta-Reeleccion.pdf\">Acceso al Documento<\/a><a href=\"https:\/\/adz.adolfodominguez.com\/wp-content\/uploads\/2022\/02\/200623111839_Informe-justificativo-Propuesta-Reeleccion.pdf\" class=\"wp-block-file__button\" download aria-describedby=\"wp-block-file--media-b542cc3f-e2c8-4598-b5c4-652722fe1f0e\">Descarga<\/a><\/div>\n\n\n\n<p><strong>05. Informe Anual sobre las Remuneraciones de los consejeros del ejercicio finalizado el 29 de febrero de 2020<\/strong><\/p>\n\n\n\n<div class=\"wp-block-file\"><a id=\"wp-block-file--media-6d04176d-81ce-4073-bb26-e3c572a16f0e\" href=\"https:\/\/adz.adolfodominguez.com\/wp-content\/uploads\/2022\/02\/200619122128_6.-Informe-Anual-sobre-las-Remuneraciones-de-los-consejeros-2019.pdf\">Acceso al Documento<\/a><a href=\"https:\/\/adz.adolfodominguez.com\/wp-content\/uploads\/2022\/02\/200619122128_6.-Informe-Anual-sobre-las-Remuneraciones-de-los-consejeros-2019.pdf\" class=\"wp-block-file__button\" download aria-describedby=\"wp-block-file--media-6d04176d-81ce-4073-bb26-e3c572a16f0e\">Descarga<\/a><\/div>\n\n\n\n<p><strong>06. Informe Anual de Gobierno Corporativo del ejercicio finalizado el 29 de febrero de 2020<\/strong><br><a href=\"https:\/\/adolfodominguezsl-my.sharepoint.com\/:b:\/g\/personal\/diego_gonzalez_adolfodominguez_com\/EVArGyzfXndEpZ_Hjj_MPV8BcXUi4HVAk9i5OARz3DLsRQ?e=dOIJzo\"><strong><u>Acceso al Documento<\/u><\/strong><\/a><\/p>\n\n\n\n<p><strong>07. Informe anual de la Comisi\u00f3n de Auditor\u00eda correspondiente al ejercicio finalizado el 29 de febrero de 2020<\/strong><\/p>\n\n\n\n<div class=\"wp-block-file\"><a id=\"wp-block-file--media-a17abeaa-82cb-4cce-a234-2e75a470d70d\" href=\"https:\/\/adz.adolfodominguez.com\/wp-content\/uploads\/2022\/02\/200619122814_8.-Informe-Anual-de-la-Comisio\u0301n-de-Auditori\u0301a-2019.pdf\">Acceso al Documento<\/a><a href=\"https:\/\/adz.adolfodominguez.com\/wp-content\/uploads\/2022\/02\/200619122814_8.-Informe-Anual-de-la-Comisio\u0301n-de-Auditori\u0301a-2019.pdf\" class=\"wp-block-file__button\" download aria-describedby=\"wp-block-file--media-a17abeaa-82cb-4cce-a234-2e75a470d70d\">Descarga<\/a><\/div>\n\n\n\n<p><strong>08. Informe anual de la Comisi\u00f3n de Nombramientos y Retribuciones correspondiente al ejercicio finalizado el 29 de febrero de 2020<\/strong><\/p>\n\n\n\n<div class=\"wp-block-file\"><a id=\"wp-block-file--media-158bc40c-c588-4aa1-9b08-3b23fd2c3f61\" href=\"https:\/\/adz.adolfodominguez.com\/wp-content\/uploads\/2022\/02\/200619123002_9.-Informe-Anual-de-la-Comisio\u0301n-de-Nombramientos-y-Retribuciones-2019.pdf\">Acceso al Documento<\/a><a href=\"https:\/\/adz.adolfodominguez.com\/wp-content\/uploads\/2022\/02\/200619123002_9.-Informe-Anual-de-la-Comisio\u0301n-de-Nombramientos-y-Retribuciones-2019.pdf\" class=\"wp-block-file__button\" download aria-describedby=\"wp-block-file--media-158bc40c-c588-4aa1-9b08-3b23fd2c3f61\">Descarga<\/a><\/div>\n\n\n\n<p><strong>09. Informe de la Comisi\u00f3n de Auditor\u00eda sobre la independencia del auditor de cuentas<\/strong><\/p>\n\n\n\n<div class=\"wp-block-file\"><a id=\"wp-block-file--media-1fe161f8-c477-45b9-9fc4-15e7e078c232\" href=\"https:\/\/adz.adolfodominguez.com\/wp-content\/uploads\/2022\/02\/200623110409_InformeComisio\u0301n-de-Auditori\u0301a-sobre-la-independencia-del-auditor-de-cuentas.pdf\">Acceso al Documento<\/a><a href=\"https:\/\/adz.adolfodominguez.com\/wp-content\/uploads\/2022\/02\/200623110409_InformeComisio\u0301n-de-Auditori\u0301a-sobre-la-independencia-del-auditor-de-cuentas.pdf\" class=\"wp-block-file__button\" download aria-describedby=\"wp-block-file--media-1fe161f8-c477-45b9-9fc4-15e7e078c232\">Descarga<\/a><\/div>\n\n\n\n<p><strong>10. Reglamento del Foro Electr\u00f3nico de Accionistas<\/strong><\/p>\n\n\n\n<div class=\"wp-block-file\"><a id=\"wp-block-file--media-b6dba380-2825-44bc-a94b-9f181feee7a4\" href=\"https:\/\/adz.adolfodominguez.com\/wp-content\/uploads\/2022\/02\/200619123324_11.-Reglamento-del-Foro-de-Accionistas.pdf\">Acceso al Documento<\/a><a href=\"https:\/\/adz.adolfodominguez.com\/wp-content\/uploads\/2022\/02\/200619123324_11.-Reglamento-del-Foro-de-Accionistas.pdf\" class=\"wp-block-file__button\" download aria-describedby=\"wp-block-file--media-b6dba380-2825-44bc-a94b-9f181feee7a4\">Descarga<\/a><\/div>\n\n\n\n<p><strong>11. Derecho de Informaci\u00f3n de los accionistas.<\/strong><\/p>\n\n\n\n<div class=\"wp-block-file\"><a id=\"wp-block-file--media-7a96ad9d-e9b6-4864-bd09-8c27aa11fb01\" href=\"https:\/\/adz.adolfodominguez.com\/wp-content\/uploads\/2022\/02\/200619123406_12.-Derecho-de-Informacio\u0301n-de-los-accionistas.pdf\">Acceso al Documento<\/a><a href=\"https:\/\/adz.adolfodominguez.com\/wp-content\/uploads\/2022\/02\/200619123406_12.-Derecho-de-Informacio\u0301n-de-los-accionistas.pdf\" class=\"wp-block-file__button\" download aria-describedby=\"wp-block-file--media-7a96ad9d-e9b6-4864-bd09-8c27aa11fb01\">Descarga<\/a><\/div>\n\n\n\n<p><strong>12. Reglas para la Delegaci\u00f3n y Voto a trav\u00e9s de medios de comunicaci\u00f3n a distancia.<\/strong><\/p>\n\n\n\n<div class=\"wp-block-file\"><a id=\"wp-block-file--media-2b34ac68-cd30-4ca5-9b39-618bd5c84ab0\" href=\"https:\/\/adz.adolfodominguez.com\/wp-content\/uploads\/2022\/02\/200619123406_12.-Derecho-de-Informacio\u0301n-de-los-accionistas-1.pdf\">Acceso al Documento<\/a><a href=\"https:\/\/adz.adolfodominguez.com\/wp-content\/uploads\/2022\/02\/200619123406_12.-Derecho-de-Informacio\u0301n-de-los-accionistas-1.pdf\" class=\"wp-block-file__button\" download aria-describedby=\"wp-block-file--media-2b34ac68-cd30-4ca5-9b39-618bd5c84ab0\">Descarga<\/a><\/div>\n\n\n\n<p><strong>13. Servicio de Voto y Delegaci\u00f3n a distancia<\/strong><\/p>\n\n\n\n<div class=\"wp-block-file\"><a id=\"wp-block-file--media-da59e95e-97ec-4746-8c87-6e0257e429c0\" href=\"https:\/\/adz.adolfodominguez.com\/wp-content\/uploads\/2022\/02\/200619123438_13.-Reglas-para-la-Delegacio\u0301n-y-Voto-a-trave\u0301s-de-medios-de-comunicacio\u0301n-a-distancia-1.pdf\">Acceso al Documento<\/a><a href=\"https:\/\/adz.adolfodominguez.com\/wp-content\/uploads\/2022\/02\/200619123438_13.-Reglas-para-la-Delegacio\u0301n-y-Voto-a-trave\u0301s-de-medios-de-comunicacio\u0301n-a-distancia-1.pdf\" class=\"wp-block-file__button\" download aria-describedby=\"wp-block-file--media-da59e95e-97ec-4746-8c87-6e0257e429c0\">Descarga<\/a><\/div>\n\n\n\n<p><strong>14. Modelo de tarjeta de asistencia, delegaci\u00f3n y voto a distancia<\/strong><\/p>\n\n\n\n<div class=\"wp-block-file\"><a id=\"wp-block-file--media-0cdf9268-4387-466e-bbe2-f381c72cfff9\" href=\"https:\/\/adz.adolfodominguez.com\/wp-content\/uploads\/2022\/02\/200623110815_14.-Servicio-de-voto-y-delegacio\u0301n-a-distancia.docx\">Acceso al Documento<\/a><a href=\"https:\/\/adz.adolfodominguez.com\/wp-content\/uploads\/2022\/02\/200623110815_14.-Servicio-de-voto-y-delegacio\u0301n-a-distancia.docx\" class=\"wp-block-file__button\" download aria-describedby=\"wp-block-file--media-0cdf9268-4387-466e-bbe2-f381c72cfff9\">Descarga<\/a><\/div>\n\n\n\n<p><strong>15. Documento en el que consta el n\u00famero total de acciones y derechos de voto en la fecha de convocatoria<\/strong><\/p>\n\n\n\n<div class=\"wp-block-file\"><a id=\"wp-block-file--media-fe225821-0756-4827-843c-d1de81583c6b\" href=\"https:\/\/adz.adolfodominguez.com\/wp-content\/uploads\/2022\/02\/200623110222_16.-Nu\u0301mero-total-de-acciones-y-derechos-de-voto.pdf\">Acceso al Documento<\/a><a href=\"https:\/\/adz.adolfodominguez.com\/wp-content\/uploads\/2022\/02\/200623110222_16.-Nu\u0301mero-total-de-acciones-y-derechos-de-voto.pdf\" class=\"wp-block-file__button\" download aria-describedby=\"wp-block-file--media-fe225821-0756-4827-843c-d1de81583c6b\">Descarga<\/a><\/div>\n\n\n\n<p><\/p>\n","protected":false},"excerpt":{"rendered":"<p>01. Propuesta de acuerdo del consejo de administraci\u00f3n a la Junta General 02. Cuentas anuales de la sociedad individual y cuentas anuales consolidadasAcceso al Documento 03. Estado de informaci\u00f3n no financiera correspondiente al Ejercicico finalizado el 29 de febrero 2020Acceso al Documento 04. Informe justificativo del Consejo de Administraci\u00f3n sobre la propuesta de reelecci\u00f3n de consejero 05. Informe Anual sobre las Remuneraciones de los consejeros del ejercicio finalizado el 29 de febrero de 2020 06. Informe Anual de Gobierno Corporativo del ejercicio finalizado el 29 de febrero de 2020Acceso al Documento 07. Informe anual de la Comisi\u00f3n de Auditor\u00eda correspondiente al ejercicio finalizado el 29 de febrero de 2020 08. Informe anual de la Comisi\u00f3n de Nombramientos y Retribuciones correspondiente al ejercicio finalizado el 29 de febrero de 2020 09. Informe de la Comisi\u00f3n de Auditor\u00eda sobre la independencia del auditor de cuentas 10. Reglamento del Foro Electr\u00f3nico de Accionistas 11. Derecho de Informaci\u00f3n de los accionistas. 12. Reglas para la Delegaci\u00f3n y Voto a trav\u00e9s de medios de comunicaci\u00f3n a distancia. 13. Servicio de Voto y Delegaci\u00f3n a distancia 14. Modelo de tarjeta de asistencia, delegaci\u00f3n y voto a distancia 15. Documento en el que consta el n\u00famero total de acciones y derechos de voto en la fecha de convocatoria<\/p>\n","protected":false},"author":1,"featured_media":0,"parent":0,"menu_order":0,"comment_status":"closed","ping_status":"closed","template":"","meta":{"footnotes":""},"class_list":["post-445","page","type-page","status-publish","hentry"],"_links":{"self":[{"href":"https:\/\/adz.adolfodominguez.com\/index.php\/wp-json\/wp\/v2\/pages\/445","targetHints":{"allow":["GET"]}}],"collection":[{"href":"https:\/\/adz.adolfodominguez.com\/index.php\/wp-json\/wp\/v2\/pages"}],"about":[{"href":"https:\/\/adz.adolfodominguez.com\/index.php\/wp-json\/wp\/v2\/types\/page"}],"author":[{"embeddable":true,"href":"https:\/\/adz.adolfodominguez.com\/index.php\/wp-json\/wp\/v2\/users\/1"}],"replies":[{"embeddable":true,"href":"https:\/\/adz.adolfodominguez.com\/index.php\/wp-json\/wp\/v2\/comments?post=445"}],"version-history":[{"count":6,"href":"https:\/\/adz.adolfodominguez.com\/index.php\/wp-json\/wp\/v2\/pages\/445\/revisions"}],"predecessor-version":[{"id":834,"href":"https:\/\/adz.adolfodominguez.com\/index.php\/wp-json\/wp\/v2\/pages\/445\/revisions\/834"}],"wp:attachment":[{"href":"https:\/\/adz.adolfodominguez.com\/index.php\/wp-json\/wp\/v2\/media?parent=445"}],"curies":[{"name":"wp","href":"https:\/\/api.w.org\/{rel}","templated":true}]}}