{"id":72,"date":"2021-12-17T09:59:05","date_gmt":"2021-12-17T09:59:05","guid":{"rendered":"http:\/\/adz.interno-ad.es\/?page_id=72"},"modified":"2025-03-10T13:39:30","modified_gmt":"2025-03-10T12:39:30","slug":"cauces-de-comunicacion-con-la-sociedad","status":"publish","type":"page","link":"https:\/\/adz.adolfodominguez.com\/index.php\/cauces-de-comunicacion-con-la-sociedad\/","title":{"rendered":"Cauces de comunicaci\u00f3n con la sociedad"},"content":{"rendered":"\n<p><\/p>\n\n\n\n<p>Pol\u00edtica relativa a la comunicaci\u00f3n de informaci\u00f3n econ\u00f3mico-financiera, no financiera y corporativa, y de comunicaci\u00f3n y contactos con accionistas, inversores institucionales y asesores de voto<\/p>\n\n\n\n<p>Consulte este documento para conocer la Pol\u00edtica de comunicaci\u00f3n y contactos con accionistas, inversores institucionales y asesores de voto.<\/p>\n\n\n\n<div class=\"wp-block-file\"><a id=\"wp-block-file--media-76da99a1-cabc-4363-a8ff-5e5cbd3905bd\" href=\"https:\/\/adz.adolfodominguez.com\/wp-content\/uploads\/2022\/03\/Poli\u0301tica-de-comunicacio\u0301n-con-accionistas-AD.pdf\">Acceso al archivo<\/a><a href=\"https:\/\/adz.adolfodominguez.com\/wp-content\/uploads\/2022\/03\/Poli\u0301tica-de-comunicacio\u0301n-con-accionistas-AD.pdf\" class=\"wp-block-file__button wp-element-button\" download aria-describedby=\"wp-block-file--media-76da99a1-cabc-4363-a8ff-5e5cbd3905bd\">Descarga<\/a><\/div>\n\n\n\n<p>Puede utilizar el siguiente enlace para contactar con&nbsp;<strong><a href=\"mailto:relacion.inversores@adolfodominguez.com\">ATENCI\u00d3N<\/a><\/strong><a href=\"mailto:bolsa@adolfodominguez.es\"><strong> AL ACCIONISTA,<\/strong><\/a>&nbsp;as\u00ed como la direcci\u00f3n de correo electr\u00f3nico <a href=\"mailto:relacion.inversores@adolfodominguez.com\">relacion.inversores@adolfodominguez.com<\/a>&nbsp;&nbsp;o la siguiente direcci\u00f3n postal:<br><br><strong>ADOLFO DOMINGUEZ<\/strong><br>ATENCI\u00d3N AL ACCIONISTA<br>Pol\u00edgono Industrial San Cibrao das Vi\u00f1as, Calle 4, Parcela 8<br>San Cibrao das Vi\u00f1as<br>32901 OURENSE<br>Atenci\u00f3n: Dpto. de Relaci\u00f3n con Accionistas e Inversores<br><br>Tambi\u00e9n puede ponerse en contacto por centralita en horario de oficina:<br>Tel\u00e9fono: +34 988 398705 (Lunes a Viernes de 8:00 a 16:15)<br><\/p>\n\n\n\n<p><\/p>\n\n\n\n<p><\/p>\n","protected":false},"excerpt":{"rendered":"<p>Pol\u00edtica relativa a la comunicaci\u00f3n de informaci\u00f3n econ\u00f3mico-financiera, no financiera y corporativa, y de comunicaci\u00f3n y contactos con accionistas, inversores institucionales y asesores de voto Consulte este documento para conocer la Pol\u00edtica de comunicaci\u00f3n y contactos con accionistas, inversores institucionales y asesores de voto. Puede utilizar el siguiente enlace para contactar con&nbsp;ATENCI\u00d3N AL ACCIONISTA,&nbsp;as\u00ed como la direcci\u00f3n de correo electr\u00f3nico relacion.inversores@adolfodominguez.com&nbsp;&nbsp;o la siguiente direcci\u00f3n postal: ADOLFO DOMINGUEZATENCI\u00d3N AL ACCIONISTAPol\u00edgono Industrial San Cibrao das Vi\u00f1as, Calle 4, Parcela 8San Cibrao das Vi\u00f1as32901 OURENSEAtenci\u00f3n: Dpto. de Relaci\u00f3n con Accionistas e Inversores Tambi\u00e9n puede ponerse en contacto por centralita en horario de oficina:Tel\u00e9fono: +34 988 398705 (Lunes a Viernes de 8:00 a 16:15)<\/p>\n","protected":false},"author":1,"featured_media":0,"parent":0,"menu_order":0,"comment_status":"closed","ping_status":"closed","template":"","meta":{"footnotes":""},"class_list":["post-72","page","type-page","status-publish","hentry"],"_links":{"self":[{"href":"https:\/\/adz.adolfodominguez.com\/index.php\/wp-json\/wp\/v2\/pages\/72","targetHints":{"allow":["GET"]}}],"collection":[{"href":"https:\/\/adz.adolfodominguez.com\/index.php\/wp-json\/wp\/v2\/pages"}],"about":[{"href":"https:\/\/adz.adolfodominguez.com\/index.php\/wp-json\/wp\/v2\/types\/page"}],"author":[{"embeddable":true,"href":"https:\/\/adz.adolfodominguez.com\/index.php\/wp-json\/wp\/v2\/users\/1"}],"replies":[{"embeddable":true,"href":"https:\/\/adz.adolfodominguez.com\/index.php\/wp-json\/wp\/v2\/comments?post=72"}],"version-history":[{"count":18,"href":"https:\/\/adz.adolfodominguez.com\/index.php\/wp-json\/wp\/v2\/pages\/72\/revisions"}],"predecessor-version":[{"id":1462,"href":"https:\/\/adz.adolfodominguez.com\/index.php\/wp-json\/wp\/v2\/pages\/72\/revisions\/1462"}],"wp:attachment":[{"href":"https:\/\/adz.adolfodominguez.com\/index.php\/wp-json\/wp\/v2\/media?parent=72"}],"curies":[{"name":"wp","href":"https:\/\/api.w.org\/{rel}","templated":true}]}}