{"id":928,"date":"2022-09-14T22:12:29","date_gmt":"2022-09-14T20:12:29","guid":{"rendered":"https:\/\/adz.adolfodominguez.com\/?page_id=928"},"modified":"2023-11-08T09:34:58","modified_gmt":"2023-11-08T08:34:58","slug":"ejercicio-2022-ipp","status":"publish","type":"page","link":"https:\/\/adz.adolfodominguez.com\/index.php\/ejercicio-2022-ipp\/","title":{"rendered":"Ejercicio 2022 (IPP)"},"content":{"rendered":"\n<p><\/p>\n\n\n\n<p><strong>Informaci\u00f3n financiera intermedia<\/strong><br>La sociedad remite informaci\u00f3n sobre los resultados del&nbsp;primer&nbsp;trimestre de 2022<br>(Comunicaci\u00f3n a CNMV del&nbsp;14 de julio de 2022. N\u00famero de registro&nbsp;4665324)<\/p>\n\n\n\n<div class=\"wp-block-file\"><a id=\"wp-block-file--media-131696d9-76de-4fc7-bbf0-249645c3fc7c\" href=\"https:\/\/adz.adolfodominguez.com\/wp-content\/uploads\/2022\/09\/Resultados-Adolfo-Dominguez-1T22.pdf\">Primer Trimestre 2022<\/a><a href=\"https:\/\/adz.adolfodominguez.com\/wp-content\/uploads\/2022\/09\/Resultados-Adolfo-Dominguez-1T22.pdf\" class=\"wp-block-file__button wp-element-button\" download aria-describedby=\"wp-block-file--media-131696d9-76de-4fc7-bbf0-249645c3fc7c\">Descarga<\/a><\/div>\n\n\n\n<p><strong>Informaci\u00f3n financiera intermedia<\/strong><br>La sociedad remite informaci\u00f3n sobre los resultados del primer semestre de 2022 &#8211; 2023<br>(Comunicaci\u00f3n a CNMV del 25 de noviembre de 2022. N\u00famero de registro 19.323)<\/p>\n\n\n\n<div class=\"wp-block-file\"><a id=\"wp-block-file--media-1fdbb553-2abb-4757-8465-8d38464e5dfc\" href=\"https:\/\/adz.adolfodominguez.com\/wp-content\/uploads\/2022\/11\/Estados-financieros-Intermedios-y-notas-condensadas.pdf\">Primer Semestre 2022<\/a><a href=\"https:\/\/adz.adolfodominguez.com\/wp-content\/uploads\/2022\/11\/Estados-financieros-Intermedios-y-notas-condensadas.pdf\" class=\"wp-block-file__button wp-element-button\" download aria-describedby=\"wp-block-file--media-1fdbb553-2abb-4757-8465-8d38464e5dfc\">Descarga<\/a><\/div>\n\n\n\n<p><strong>Informaci\u00f3n financiera intermedia<\/strong><br>La sociedad remite informaci\u00f3n sobre los resultados del tercer trimestre de 2022 <br>(Comunicaci\u00f3n a CNMV del 20 de enero de 2023. N\u00famero de registro 20.077)<\/p>\n\n\n\n<div class=\"wp-block-file\"><a id=\"wp-block-file--media-6a5cf282-9d18-45d2-9afe-8300c2af511b\" href=\"https:\/\/adz.adolfodominguez.com\/wp-content\/uploads\/2023\/11\/3T-2022.pdf\">Tercer Trimestre 2022<\/a><a href=\"https:\/\/adz.adolfodominguez.com\/wp-content\/uploads\/2023\/11\/3T-2022.pdf\" class=\"wp-block-file__button wp-element-button\" download aria-describedby=\"wp-block-file--media-6a5cf282-9d18-45d2-9afe-8300c2af511b\">Descarga<\/a><\/div>\n\n\n\n<p><strong>Informaci\u00f3n financiera intermedia<\/strong><br>La sociedad remite informaci\u00f3n sobre los resultados del segundo semestre de 2022 <br>(Comunicaci\u00f3n a CNMV del 27 de abril de 2023. N\u00famero de registro 22.171)<\/p>\n\n\n\n<div class=\"wp-block-file\"><a id=\"wp-block-file--media-1b8a283c-efa5-4b59-a584-0c2ccc05d65a\" href=\"https:\/\/adz.adolfodominguez.com\/wp-content\/uploads\/2023\/11\/2s-2022.pdf\">Segundo Semestre 2022<\/a><a href=\"https:\/\/adz.adolfodominguez.com\/wp-content\/uploads\/2023\/11\/2s-2022.pdf\" class=\"wp-block-file__button wp-element-button\" download aria-describedby=\"wp-block-file--media-1b8a283c-efa5-4b59-a584-0c2ccc05d65a\">Descarga<\/a><\/div>\n","protected":false},"excerpt":{"rendered":"<p>Informaci\u00f3n financiera intermediaLa sociedad remite informaci\u00f3n sobre los resultados del&nbsp;primer&nbsp;trimestre de 2022(Comunicaci\u00f3n a CNMV del&nbsp;14 de julio de 2022. N\u00famero de registro&nbsp;4665324) Informaci\u00f3n financiera intermediaLa sociedad remite informaci\u00f3n sobre los resultados del primer semestre de 2022 &#8211; 2023(Comunicaci\u00f3n a CNMV del 25 de noviembre de 2022. N\u00famero de registro 19.323) Informaci\u00f3n financiera intermediaLa sociedad remite informaci\u00f3n sobre los resultados del tercer trimestre de 2022 (Comunicaci\u00f3n a CNMV del 20 de enero de 2023. N\u00famero de registro 20.077) Informaci\u00f3n financiera intermediaLa sociedad remite informaci\u00f3n sobre los resultados del segundo semestre de 2022 (Comunicaci\u00f3n a CNMV del 27 de abril de 2023. N\u00famero de registro 22.171)<\/p>\n","protected":false},"author":1,"featured_media":0,"parent":0,"menu_order":0,"comment_status":"closed","ping_status":"closed","template":"","meta":{"footnotes":""},"class_list":["post-928","page","type-page","status-publish","hentry"],"_links":{"self":[{"href":"https:\/\/adz.adolfodominguez.com\/index.php\/wp-json\/wp\/v2\/pages\/928","targetHints":{"allow":["GET"]}}],"collection":[{"href":"https:\/\/adz.adolfodominguez.com\/index.php\/wp-json\/wp\/v2\/pages"}],"about":[{"href":"https:\/\/adz.adolfodominguez.com\/index.php\/wp-json\/wp\/v2\/types\/page"}],"author":[{"embeddable":true,"href":"https:\/\/adz.adolfodominguez.com\/index.php\/wp-json\/wp\/v2\/users\/1"}],"replies":[{"embeddable":true,"href":"https:\/\/adz.adolfodominguez.com\/index.php\/wp-json\/wp\/v2\/comments?post=928"}],"version-history":[{"count":9,"href":"https:\/\/adz.adolfodominguez.com\/index.php\/wp-json\/wp\/v2\/pages\/928\/revisions"}],"predecessor-version":[{"id":1145,"href":"https:\/\/adz.adolfodominguez.com\/index.php\/wp-json\/wp\/v2\/pages\/928\/revisions\/1145"}],"wp:attachment":[{"href":"https:\/\/adz.adolfodominguez.com\/index.php\/wp-json\/wp\/v2\/media?parent=928"}],"curies":[{"name":"wp","href":"https:\/\/api.w.org\/{rel}","templated":true}]}}